9*o - 68*o - f. Calculate h(a).
-4
Suppose -4*n - 10 = 2. Let o(i) = 14*i**2 + 17*i - 9. Let h(l) = -5*l**2 - 6*l + 3. Let m = 124 + -132. Let v(t) = m*h(t) + n*o(t). Give v(-3).
-6
Suppose -7*m + 2*m = 2*h - 5, -2*m = -3*h - 2. Suppose 0*b + b - 34 = h. Let z(r) = -15 + b - 12 - r**2 - 6*r. What is z(-6)?
7
Suppose 0 = -7*l + 16 + 75. Suppose -16 = -g - l. Let s(x) = 24*x**3 - 2 - 25*x**3 + 2 - g*x**2 - 3. Determine s(-3).
-3
Suppose 20*l - 19 = 15*l - 8*i, 5*l - 2*i + 11 = 0. Let w(q) = 19*q**2 - 2*q - 1. Give w(l).
20
Let o(t) be the first derivative of -t**4/4 - 8*t**3/3 - 3*t**2 + 9*t + 1. Suppose -5*v + 65 = -3*h + 79, 4*v = 2*h - 14. What is o(h)?
2
Let n(k) = -17*k - 3. Let x(v) = -v. Let u(g) = 39*g + 5. Let f(p) = -u(p) - 2*x(p). Let d(z) = -6*f(z) + 13*n(z). Give d(11).
2
Let s(l) = -l**3 - 4*l**2 - l. Suppose 4*z - 5 = -3*c + 7, 12 = 4*z + 2*c. Suppose -4*r = 3*i + 10, 2*i + z*i + 13 = -3*r. What is s(i)?
-6
Suppose 2*m + 13 = 4*l - 3*l, -2*l = -m - 11. Let u(i) = -i**3 - 8*i**2 + 5*i - 6. Let a(o) = o**3 + 7*o**2 - 5*o + 6. Let g(q) = 5*a(q) + 4*u(q). Give g(m).
-19
Suppose 0 = 43*h + 38 - 167. Let v(m) = -2*m - h*m - 10*m - 2*m + 9*m. Give v(-2).
16
Let l(o) = o**3 + 16*o**2 - 7*o - 24. Let w be l(-17). Let r = 197 + w. Let y(v) = -v**2 + 3*v + 2. Give y(r).
2
Let v(w) be the third derivative of w**6/120 + 13*w**5/60 - 5*w**4/4 + 8*w**3/3 + 1043*w**2. What is v(-15)?
16
Let u(r) = 10*r**3 + 2*r**2 - 2*r + 5. Let o(i) = 4*i**3 + i**2 + i + 1. Let q(d) = 2*o(d) - u(d). Determine q(-2).
5
Suppose 50 = -28*r + 335 + 79. Let u(z) = z**2 - 10*z - 28. Give u(r).
11
Let p(f) = 3*f**2 + 3. Let i(l) = 5*l**2 + 7. Let x(o) = 4*i(o) - 7*p(o). Let d be 1*3*(-2)/36*0. Give x(d).
7
Let j be 0 - ((-160)/4)/8. Suppose -t + j*m - 2*m - 2 = 0, t + 10 = m. Let o(f) = f**2 + 15*f + 15. Calculate o(t).
1
Let b = -10 - -16. Let h(l) = -2*l + 1. Let p be h(b). Let w(c) = 182 + c**2 + 179 + 10*c + 221 - 590. Calculate w(p).
3
Suppose -2*h + 12 = -4*h. Let m be (386 - (-6)/3)/(16 + -14). Let t(g) = -100*g - 95*g + m*g + 1. Give t(h).
7
Let x(d) = d + 5. Let i(q) = q**2 + 7*q - 3. Let p be i(-7). Let b be ((0 - 2) + 1)*(p + -2). Let o be (-2 + 6/b)*-5. What is x(o)?
9
Let d(z) be the third derivative of -19*z**2 - 1/4*z**4 - 2*z + 1/3*z**3 + 0. What is d(1)?
-4
Let u(p) = p**3 - 6*p**2 - 7*p - 6. Let c(h) = -h**3 + 7*h**2 + 8*h + 7. Let d(a) = -6*a - 89. Let j be d(-16). Let q(y) = j*u(y) + 6*c(y). Determine q(2).
6
Let g(o) = -90*o**3 + 4*o**2 - 3*o - 8. Let q be g(-2). Let x = -741 + q. Let w(y) = -y**3 - 8*y**2 - 5*y + 1. Determine w(x).
-13
Let w(a) = -a**2 - 3*a + 3. Let g(v) = -v**3 - 3*v**2 + 4*v. Let r be (10/5 + -3)*4. Let c be g(r). Suppose 4*f - 5*m + c*m - 8 = 0, f = -4*m - 19. Give w(f).
3
Suppose 1 = -8*b - 15. Let g be b/(-4)*(70 - 6). Suppose -37*v = -g*v. Let s(t) = t**3 - t**2 - t - 12. What is s(v)?
-12
Let d(c) = 13*c - 7. Let k = -7 + -6. Suppose -31 = s + 5*w, 5*w = w - 20. Let n(j) = -27*j + 15. Let l(u) = k*d(u) + s*n(u). Give l(-1).
8
Let q(p) = -p + 7. Let z(a) = 6*a - 15. Let j(x) = -11*x + 30. Let m(l) = 4*j(l) + 7*z(l). Let g(t) = 3*m(t) - 7*q(t). Let i = 87 - 84. Calculate g(i).
-1
Suppose 5 = 4*y + y. Let t(x) = 121968868 - 121968868 + 16*x. Calculate t(y).
16
Suppose -5*h + 20 = 5*b, 2*b + 4*h + h - 32 = 0. Let z(l) = -2*l**2 - l - 4. Determine z(b).
-32
Let c(r) = -35*r**2 + 9*r - 9. Let z(s) = 131*s**2 - 35*s + 35. Let t(d) = -15*c(d) - 4*z(d). Suppose -7*y + 3*y = -96. Suppose 6*x = 2*x - y. What is t(x)?
1
Let u(c) be the third derivative of c**5/30 - 11*c**4/24 + 7*c**3/6 - 2677*c**2. Let n = 8 + -1. Calculate u(n).
28
Let u be ((-726)/605)/(3/(-5)) - 3*2. Let s(r) = -r**3 - r**2 + 16*r + 11. What is s(u)?
-5
Let o(h) = h**2 - 3*h - 10. Suppose 0 = 231*u - 1403 + 248. Determine o(u).
0
Let m(d) be the second derivative of 3/2*d**2 - 2/3*d**3 + 1 + 11*d + 1/12*d**4. Suppose 0 = s - 2*s - 4*a + 14, a = s + 1. Determine m(s).
-1
Let w(m) = m - 1. Let z(x) = 14*x - 1. Let i(b) = 2*w(b) - z(b). Let v be (580 - -1)*-5*4/(-20). Let u = -580 + v. What is i(u)?
-13
Let a(v) = -7*v**3 - 6*v**2 - 262*v + 5. Let h(z) = -z**3 - 43*z + 1. Let c(p) = -a(p) + 6*h(p). Let g = -14 + 9. Give c(g).
6
Suppose 20 = -4*f - 8. Let x(g) = -7*g**3 - 94*g**2 + 143*g + 6. Let i(c) = c**3 + 13*c**2 - 19*c - 1. Let d(a) = 15*i(a) + 2*x(a). Give d(f).
-10
Let u(j) = -j**3 + 5*j**2 + 5*j - 18. Let v = -8077 - -8082. Determine u(v).
7
Let u(c) = c + 13. Let h = 72 + -94. Let r be h/4*(4 - (9 + -7)). Give u(r).
2
Let s(b) = 3*b. Let u(g) = g + 2. Let m(d) = -3*s(d) + 8*u(d). What is m(27)?
-11
Let z(v) = -v**3 - 2*v**2 - 4*v - 2. Let h = 412 - 580. Let o be 16/7 + 48/h. Let g be (-6)/4 + o + 35/(-10). Give z(g).
19
Suppose 210*h = 42*h + 1008. Let p(a) = a**2 + 5*a + 8. Give p(h).
74
Let k(t) be the third derivative of t**6/120 + t**5/30 - 3*t**4/8 + t**2 - 7*t + 4. Calculate k(-5).
-30
Suppose -2*s - 4*c = -18, -5*s + 36 = 5*c - 19. Let h(b) = 3*b - 29. Give h(s).
10
Let j = 25700 + -25694. Let d = -7 - -10. Let c(w) = -d*w + 5*w - 2*w + 3 - 3*w. Calculate c(j).
-15
Suppose 4*x - 24 = 2*p + 66, 0 = x - 2*p - 21. Let t(u) = -u + 20. What is t(x)?
-3
Let o(t) = -3*t**3 + 5*t**2 + 7*t. Let q(b) = -2*b**3 + 3*b**2 + 4*b. Let g(y) = 3*o(y) - 5*q(y). Let i be g(1). Let a(n) = -4 - i*n + 4*n + 3*n - n. Give a(6).
20
Let i be 15 - 46/28*7. Let j(x) be the first derivative of -2*x + i*x**2 + 28. What is j(-3)?
-23
Let o(z) = -z**2 - 9*z + 4. Suppose -10*b = -24*b + 31*b + 187. What is o(b)?
-18
Let a(s) = -8*s**2 + 58 - 106 + 34 - s**3 - 10*s. Calculate a(-7).
7
Let d(m) be the third derivative of -m**6/120 - 3*m**4/8 + 5*m**3/2 - 280*m**2 + 3*m - 2. Calculate d(0).
15
Let l(r) = 2*r - 17. Let z = -440 - -388. Let m be ((-30)/(-4))/((-39)/z). Determine l(m).
3
Suppose 0 = -5*b + 5*g, -1 = 5*b - 3*g - g. Let p be (-8)/28 - (b + (-36)/(-21)). Let o be (3 - (4 + -11 - -3))*p. Let d(w) = w**2 + 6*w + 5. What is d(o)?
12
Let a = -55 - -55. Suppose a = 2*i - 0*i - 3*d - 23, 3*i - d - 38 = 0. Let s(b) = -2*b + 44 - 14 - 12 - i. Calculate s(4).
-3
Let y(v) = -v**3 + 14*v**2 - 23*v + 1. Suppose w - 6 = 3*w, 0 = -4*q + 4*w + 60. Let j be y(q). Let p(r) = -5 + 0 + j - r. Give p(6).
2
Let y be (-9)/4*(-16)/6. Let s(w) = -17*w**2 + 4*w + 3. Let t(b) = -79*b**2 + 18*b + 13. Let j(m) = -14*s(m) + 3*t(m). What is j(y)?
21
Let d be 8/(-10) - 98/(-35). Let g(m) = 11*m - 147*m**2 - 12 + 85*m**2 + 61*m**d. Calculate g(8).
12
Let x be -1*2*-4 + -1. Let g(h) = 1477 - 2039 + 568 + h. What is g(x)?
13
Let d(z) = -z**3 + 4*z**2 - 3*z. Let p = -224 - -206. Let i(t) = -t**3 - 17*t**2 + 14*t - 70. Let y be i(p). What is d(y)?
2
Let k(h) = -3*h - 36. Let z(m) = -6*m**2 + 17*m + 5. Let b be z(5). Let l = b + 46. Let t be k(l). Let x(j) = -j**3 + 6*j**2 + 3*j - 6. Calculate x(t).
12
Let g(k) = -4*k + k - 2126 + 2156. Give g(9).
3
Let r(o) = -9*o**2 + 2*o + 5. Let t(u) = -461*u - 8295. Let a be t(-18). Calculate r(a).
-70
Let f(v) = -v**3 - 23*v**2 + 3*v + 59. Let t be f(-23). Let w(o) be the second derivative of -o**3/6 - 8*o**2 - 8*o. Calculate w(t).
-6
Let l(v) be the third derivative of v**5/12 + 5*v**4/6 + 17*v**3/6 - 1107*v**2 - 2*v. Calculate l(-3).
2
Let b(x) = x**2 + 4*x - 6. Let y be -1*(-2 + 4 + 5) + -2. Determine b(y).
39
Let k(c) = -6*c - 394. Let d(r) = 5*r + 264. Let z(a) = -3*d(a) - 2*k(a). Suppose 2 = -4*t - 2, g + 2*t - 10 = 0. Determine z(g).
-40
Let q(f) be the third derivative of -f**6/120 - f**5/20 + 3*f**4/4 - f**3 + f**2 - 35278. Suppose 0 = 5*z - 3 + 33. Give q(z).
-6
Let u be ((-112)/12)/(1/(-3)). Suppose 4*w + u = -0*w. Let t(r) = -2 + 12 - 13 - r - 8. Determine t(w).
-4
Suppose -3*q = -3*d - 15 + 6, -5*d - 3*q = 47. Let u(w) = -w**3 - 5*w**2 + 17*w + 8. Calculate u(d).
-13
Let u be (-1470)/63 - -14 - (-2)/6. Let y(v) = v**3 + 8*v**2 - 12*v - 5. Determine y(u).
22
Let f(j) = -12*j**2 - 3*j - 5. Let d = 233 - 236. Let l(s) = 4*s**2 + s + 2. Let q(t) = d*f(t) - 8*l(t). Suppose g = 3*g - 2. Determine q(g).
4
Let z(n) = -7*n + 13. Let v(f) = -2*f + 5. Let p(r) = -8*v(r) + 3*z(r). Let s(b) = -1 + 0*b - 3*b - 2*b + 0*b. Let q(y) = 4*p(y) - 5*s(y). Calculate q(-1).
-4
Let n = 52 + -51. Let a(h) = -59*h**2 + 26*h**2 - h + 22*h**2 - n + 12*h**2. What is a(0)?
-1
Let q(h